 3*c + 5. Let d be z(-2). What is n(d)?
3
Let g(r) = -5 + 7 + r**2 - 3. Calculate g(-3).
8
Let t(k) = -2*k - 2. Let d(r) = 2*r + 1. Let a(c) = 5*d(c) + 4*t(c). Suppose -2*p + 4 + 0 = 0. Give a(p).
1
Let t(s) = -9*s - 5. Let q(f) = -16*f - 10. Let n(m) = 4*q(m) - 7*t(m). Calculate n(6).
-11
Suppose -8*m + 4*m = 5*n - 40, 5*m - 40 = -5*n. Suppose 5*f + n = q, -f + 7 = 3*q - 1. Let g(s) = -2 - 3*s**2 - 3*s + 2*s - q*s. Give g(-2).
-6
Let c(x) be the first derivative of x**6/60 - x**5/60 + x**4/24 - x**3/6 + 4*x**2 + 8. Let k(g) be the second derivative of c(g). What is k(1)?
1
Let v(x) = -x**2 + x. Let q be v(-2). Let l(o) = -o**2 - 6*o - 3. Determine l(q).
-3
Let u(w) be the first derivative of -w**3/3 - 5*w**2/2 - 3*w - 49. What is u(-4)?
1
Let h = 139 - 93. Suppose h = 5*k + 4*q, q + 3*q = -2*k + 16. Suppose k = r + r. Let d(m) = -m**2 + 6*m - 5. What is d(r)?
0
Let l(g) = 9 - 2*g - 2 + 0*g. Let f be l(5). Let o(c) = 5*c**2 + 36*c - 16. Let h(i) = -i**2 - 7*i + 3. Let p(r) = -11*h(r) - 2*o(r). Determine p(f).
-7
Let j(i) = -i**3 - 4*i**2 - 2*i + 4. Let a(h) = 2*h. Let n be a(4). Let w be (-4)/n - 1/(-2). Suppose w = f + 8 - 5. Determine j(f).
1
Let o be (-1)/(-2)*1*4. Let t(y) = -y + 2*y**o - y**3 - 2*y**2 + 3*y**2. Let r(l) = l + 10. Let v be r(-9). Determine t(v).
1
Let i(s) = -s**2 + 7*s - 6. Suppose 0*k - k - 23 = -4*f, 2*f + 2*k = 4. Give i(f).
4
Let j(u) be the first derivative of u**2 + 4*u + 39. Determine j(-4).
-4
Let v be (1/3)/(8/24). Let o(c) = 5*c - 7*c - 4*c + v - c**2. What is o(-7)?
-6
Let r(z) be the second derivative of z**4/4 + z**3/6 + z**2/2 - 2*z. Let m be (1 - 3/3)*1. Suppose m = o + 1. Calculate r(o).
3
Let u(d) = -d - 9. Let o(v) = -v**3 - 6*v**2 - 5*v - 4. Let i be o(-5). Let q(j) = -j - 1. Let y(w) = i*q(w) + u(w). Determine y(4).
7
Let j(t) = -5*t**3 + 4*t - 1. Let d(y) = 11 + 11*y**3 - 7 - 11*y + 3*y**3. Let f(s) = 4*d(s) + 11*j(s). Calculate f(0).
5
Let n = 11 + -11. Let q(s) = -3*s + 2*s + 2 + n*s. Let k be 1/(1*-1) + -3. What is q(k)?
6
Let t(w) = -w**3 + 4*w**2 - 2*w + 1. Suppose 5*q - 5*r - 20 = 0, 5*q - r - 3*r = 16. Suppose -s + q*s = -4. Determine t(s).
-7
Suppose -5*o - 5*u = -45, 4*o + 3*u + 2*u = 41. Suppose 0*n = o*n. Let d(k) = -3 + k + 2 + 0 - k**2. Calculate d(n).
-1
Let i(l) be the first derivative of -l**2 - 4*l + 2 - 2 - 1 + 2. Give i(-3).
2
Let g = 34 - 21. Let a = g + -9. Let j(d) = d - 5. Give j(a).
-1
Let w(v) be the second derivative of v**4/12 + v**3/3 - v**2 + 2*v. Calculate w(-4).
6
Suppose t = -4*t. Suppose 2*l - 2*x + 2 = t, 4 = -4*l - x - 4*x. Let m(p) = -p**2 + 1. Determine m(l).
0
Let u be (-114)/(-30) - 1/(-5). Let g(x) = x**2 - 6*x + 1. What is g(u)?
-7
Let g(k) = -7*k + 5. Let l(b) = 12 + 17 - 30. Suppose 2*o = 1 + 1. Let w(z) = o*g(z) + 5*l(z). Calculate w(-1).
7
Let p(x) = -5*x - 2. Let y be p(0). Let m(b) = 3*b**3 + 2*b**2 - 3*b - 2. Calculate m(y).
-12
Let m(c) = 2*c - 6. Let o be m(4). Let d be -1 - (2 - (6 + -2)). Let a(n) = 0*n + n + d + 0. Determine a(o).
3
Let n(a) be the first derivative of -a**2/2 - 2*a - 1. Determine n(-4).
2
Let r(g) = g**3 - g. Let k(q) = q**3 - 2*q - 4*q**3 - 1 - 3*q**2 + 2*q**2 + 7*q. Let m(b) = k(b) + 4*r(b). What is m(0)?
-1
Let x(o) be the second derivative of -o**5/60 + o**3/2 + 2*o. Let h(w) be the second derivative of x(w). Suppose 1 = 5*c - 4. Calculate h(c).
-2
Let t(n) = 3*n + 3. Let o(f) = -f**2 + 14*f - 11. Let r be o(13). Let d be (0*1/2)/2. Suppose d = -i - r. Give t(i).
-3
Suppose -3*q = 4*p - 5, -p + 5 = q + 3. Let k(y) = -q*y - 3*y**2 + 2*y + 2*y**2 + 0*y**2. Determine k(-2).
-2
Suppose -4 - 16 = -5*n. Let q(g) be the second derivative of -1/10*g**5 + 1/12*g**n + 0*g**2 + 0 + 1/6*g**3 + 3*g. Determine q(-1).
2
Let s(u) be the first derivative of u**3 + u**2 - 2*u + 79. Let m(a) = a**2 + 4*a - 7. Let t be m(-5). What is s(t)?
6
Suppose -2*x + 5*v - 3 = 0, 6 = -x + 2*x + 5*v. Let q(f) = 7*f + 4 - 7*f**2 + f**3 + x - 3*f. Determine q(6).
-7
Let f(g) be the first derivative of g**5/20 + g**4/3 - g**3/2 - 3*g**2 - g - 1. Let p(m) be the first derivative of f(m). Let j = -1 + -3. What is p(j)?
6
Let l(p) = p**2. Let h(v) = -5*v**2 - 3*v - 1. Let d(b) = -h(b) - l(b). Calculate d(-2).
11
Let x(w) = 8*w**3 - w**2 + 1. Suppose -4*j - 5*j + 9 = 0. Determine x(j).
8
Let f be (1/1)/((-2)/6). Let u(v) = v. Let k(i) = 3*i + 3. Let j(b) = 18*b + 17. Let n(q) = 6*j(q) - 34*k(q). Let h(m) = n(m) - 4*u(m). Calculate h(f).
-6
Suppose -s = -3*w - 5, -2*w = 5 + 1. Let a be s/(-10) - 26/(-10). Let n(z) = -3 + 0 + 2 + 2 + a*z. Determine n(-2).
-5
Let c = -5/2 - -3. Let s(p) be the third derivative of c*p**3 + 0*p + 2*p**2 + 0 + 1/60*p**5 - 1/8*p**4. Give s(3).
3
Let i = -30 - -30. Let y(t) be the third derivative of 0*t + i - 3*t**2 + 0*t**3 - 1/24*t**4. Determine y(-1).
1
Suppose 5*d - v + 21 = 0, -3*v = 5*d - 2*v + 19. Let a(f) = f + 6. Determine a(d).
2
Let x(w) = w**2 - 2. Suppose -4*q + 4 = -4*v, 4*v = 2*q - 5*q - 25. Calculate x(v).
14
Let q = 49 + -47. Let j(m) = -m**3 + 7*m**2 - 3*m - 2*m**2 - m**2. Give j(q).
2
Let t = 4 - 6. Let v(s) be the third derivative of s**6/360 + s**5/24 + s**4/24 - 7*s**3/6 + 6*s**2. Let u(b) be the first derivative of v(b). Give u(t).
-5
Let k(r) = -43 + 40 + 0*r**3 + r - r**3 + 6*r**2. Let q be 10/(-45) + 56/9. Calculate k(q).
3
Let v(l) = 4*l**2 - 2*l + 3. Let w be v(2). Let a be 2/4 + (-1)/2. Suppose a = -0*f + 3*f - w. Let o(p) = -p**2 + 6*p. Give o(f).
5
Let r(h) = 0*h - 14 + 3 + 6*h - 5*h. Suppose 6*f = 2*f. Suppose -3*z + 13 + 2 = f. Give r(z).
-6
Let h(s) = -s**3 + 15*s**2 - s + 13. Let c be h(15). Let g(z) = -z**3 - z + 2. What is g(c)?
12
Let s be (-15)/(3/(-9)*3). Let i(z) = -31*z - 3 + s*z + 12*z. Calculate i(-2).
5
Suppose 3*m + 4*w = 1, -3*w = 5*m - 6*w - 21. Let y(r) = -2*r**2 + 2*r + 2. Give y(m).
-10
Let u(d) = 6*d**2 - 1. Suppose -2*f = -7*f + 130. Suppose 4 = 2*m - 3*q - 13, m - 5*q = f. Determine u(m).
5
Let s(p) = -34*p**2 + 13*p - 15. Let n(m) = 17*m**2 - 6*m + 7. Let a(d) = -13*n(d) - 6*s(d). What is a(-1)?
-18
Let h(d) be the second derivative of -d**5/20 + 5*d**4/12 - d**3/6 + 3*d**2 + 7*d. Calculate h(5).
1
Let r(z) = -3*z. Suppose -4*f = 5*s + 10, -5*s - 7*f + 2*f = 15. What is r(s)?
-6
Suppose 4*q = -3*f - q + 22, 27 = -2*f + 5*q. Let n(s) = -4*s + 1. What is n(f)?
5
Suppose 0 = c + 5*g - 46, c - 5*g - 13 - 13 = 0. Suppose 0 = -4*m + 5*d + c, -4*m + 0*d = -4*d - 32. Let w(q) = -q**3 + 4*q**2 - q - 4. What is w(m)?
-8
Let l(f) be the first derivative of -f**2 + 9*f - 4. Let z be 6 + 2 + 1 + -3. Determine l(z).
-3
Let c(w) be the first derivative of -w**4 - 2*w**3/3 + w + 2. Let t be c(-1). Let g be (-2)/1*t/6. Let b(a) = 5*a. Determine b(g).
-5
Let c(w) = -3*w - 3. Suppose -m = -s - 3 + 2, 0 = 3*m - 4*s - 7. Let v(t) = t - 1. Let j(i) = m*v(i) + c(i). Give j(1).
-6
Let h(y) be the first derivative of y**5/60 - y**4/24 + y**3/6 - 3*y**2/2 - 3. Let j(w) be the second derivative of h(w). Give j(0).
1
Let j(h) = -h**2 + 4*h + 7. Let c be 2/7 + (-99)/77. Let f be -7*((-24)/(-28))/c. Calculate j(f).
-5
Let s(v) = 2*v - 8. Let w be (32/(-10))/((-1)/(-5)*-2). Give s(w).
8
Let k(f) = 0*f - f - 1 + 5. Let m(p) be the second derivative of p**4/6 - p. Let o be m(1). Determine k(o).
2
Let y(k) = -k**3 + 3. Let r be y(0). Let t(v) = -3*v - 2. Determine t(r).
-11
Let p(b) = -2*b**3 + 2*b**2 + b. Let l be p(2). Let d(w) = 2*w + 9. Determine d(l).
-3
Let k be 2/1*-1*(-3)/(-6). Let b(r) = -r**2 + 9*r + 11. Let n(a) = a**2 - 4*a - 5. Let v(c) = -6*b(c) - 13*n(c). Determine v(k).
-6
Let c(q) = q**3 - 7. Let b = 93 + -93. Give c(b).
-7
Let k(f) be the first derivative of f**2 + 6*f + 11. Give k(-6).
-6
Let r(c) = c**3 - 11*c**2 + 10*c + 17. Let n(f) = 2*f**3 - 12*f**2 + 10*f + 18. Let w(l) = 2*n(l) - 3*r(l). What is w(-10)?
-15
Let u(z) = 7*z**3 - z**2 - 2*z - 1. Let x(g) = -g - 7. Let k be x(-6). Calculate u(k).
-7
Let c(d) = -d + 4. Let l(o) = -o + 4. Let v(f) = 4*c(f) - 5*l(f). Determine v(0).
-4
Let d(w) = -52 + 10*w - 54 + 105. What is d(-1)?
-11
Let g(t) = t + 6. Suppose r + 20 = -3*r. Let l be g(r). Let v(n) = -n**2 + n + 1. Let a(q) = 2*q**2 + 3. Let k(i) = -a(i) + 2*v(i). What is k(l)?
-3
Suppose -4*z + c - 1 = -12, 0 = -3*z + 4*c - 8. Let s(y) = -1 + 0*y + 5*y - z*y. Let f be (-6 + 3)/((-3)/4). Deter